 the prime factors of q(-88).
3, 211
Suppose -41*f + 208*f + 1199450 - 7162519 = 0. List the prime factors of f.
7, 5101
Suppose 3*f = -5*u - 242, 0*u + 3*u + 158 = -5*f. Let z(d) = 6*d**2 - 2*d - 4. Let s be z(5). Let v = s - u. List the prime factors of v.
2, 7, 13
Suppose 25*m = 29*m + 3356. Let o = -593 - m. What are the prime factors of o?
2, 3, 41
List the prime factors of 8253 - (-17 - -31)/(-14).
2, 4127
Let q = -9120 - -11273. List the prime factors of q.
2153
Let i = -11285 + 17083. List the prime factors of i.
2, 13, 223
Suppose 38*o - 515765 = -35311 + 38208. List the prime factors of o.
13649
Let c(i) = 41*i**2 + 27*i - 203. What are the prime factors of c(15)?
11, 857
Suppose 21*z = 80*z + 248256 - 1639712. List the prime factors of z.
2, 11, 67
Let m(p) be the second derivative of 11*p**3/3 + p**2/2 + 3*p. Let s = -2231 + 2234. What are the prime factors of m(s)?
67
Let b be (-4829)/7 + 2*(-10)/140. Let k = 2254 + b. What are the prime factors of k?
2, 17, 23
Let o be (3 - (-2)/6)*(-1 - -7). Suppose o - 17 = g. Suppose 0 = -5*a - g*k + 531, -5*k + 161 = 5*a - 374. List the prime factors of a.
3, 5, 7
Suppose -1555 = -22*b - 411. Suppose -a - b = -86. What are the prime factors of a?
2, 17
Suppose 0 = -134*b + 129*b - 5*o + 22185, -4*b - o = -17748. List the prime factors of b.
3, 17, 29
Suppose 0 = h - 4*o + 11, -5*h = -5*o + o + 7. List the prime factors of (-11 + 49 + -6)*31*h.
2, 31
Let o be ((-12)/(-42))/(1/14). Let x(k) = 34*k**2 + 15 - o + k**3 + k**3 + 3 - 6*k. What are the prime factors of x(-17)?
2, 29
What are the prime factors of (-162846)/(-22) + (-178)/1958?
2, 3701
Let v = 425 - 616. Let f = 396 + v. What are the prime factors of f?
5, 41
Suppose 20*n + 710658 = 137*n. List the prime factors of n.
2, 3037
Let v(r) = -991*r**3 - 14*r**2 - 17*r - 3. What are the prime factors of v(-1)?
991
Let o(u) = 9*u + 42. Let t(z) = -10*z - 42. Let w(m) = 3*o(m) + 4*t(m). Suppose -64*h = 552 - 40. List the prime factors of w(h).
2, 31
Let i = 1306 - 896. Let k = i - 200. Let y = k - 77. What are the prime factors of y?
7, 19
Let z = 2120 + 18655. What are the prime factors of z?
3, 5, 277
Suppose 0 = 6*h + 734 + 1708. Let g = 438 + h. What are the prime factors of g?
31
Let f(p) = p**2 - 5*p + 3. Let b(q) = -q**3 - 7*q**2 - q - 2. Let a be b(-7). Let s be f(a). Suppose 582 = s*k - 120. List the prime factors of k.
2, 3, 13
Let l be -3*47*(-16)/12. Suppose 0 = 2*m + 418 - 154. Let w = m + l. What are the prime factors of w?
2, 7
Let a(b) = -106*b**3 - 3*b - 2. Let k be a(-1). Suppose k*w - 109*w = 12. List the prime factors of ((-315)/(-6))/(w/(-8)).
2, 5, 7
List the prime factors of (7248/(-10))/(379/(-5685)).
2, 3, 151
Suppose -34*n = -31*n - 1581. Suppose -5*t = n - 2797. What are the prime factors of t?
2, 227
Suppose 0*t = -7*t + 31364 + 30985. List the prime factors of t.
3, 2969
Suppose f - 2100 = m, 6*f - 7*f - 4*m = -2075. Suppose -2*j - f = -7*j. What are the prime factors of j?
419
List the prime factors of (-514221)/(-45) + 8/12 - (-96)/80.
11, 1039
Suppose 3*v - 10 = b - 0*v, -4*v = 5*b - 45. Suppose -5*w + 4*w - 443 = -3*h, 2*h - 304 = b*w. Suppose h = t + 1. List the prime factors of t.
2, 73
Suppose 0 = 89*o + 112*o - 4319289. List the prime factors of o.
3, 13, 19, 29
Suppose 410124 = 287*a - 243*a. List the prime factors of a.
3, 13, 239
Let o(v) = -v**3 + 138*v**2 - 447*v - 275. List the prime factors of o(133).
3, 3191
Let c = -22 - -18. Let m be (-210)/(-49) + c/14. Suppose -m*j = -2*f - 76, f - 30 = -4*j + 2*j. What are the prime factors of j?
17
Let g(p) = -p**2 - p + 1. Let t be g(-1). Let v = 5 - t. Suppose 0 = -x + 3*i + 18, -2*x + 9*i - v*i + 33 = 0. List the prime factors of x.
3
Let q(p) = 260*p - 23. List the prime factors of q(8).
11, 17
Let o(c) = -3*c**2 + 18*c - 64. Let f be o(5). Let a be (0 + 1 - 52)*1. Let q = f - a. List the prime factors of q.
2
List the prime factors of (-4)/(45/(1077975/(-30))).
2, 1597
Let q(n) = 5*n**2 + 3*n - 44. Let a = 97 + -108. What are the prime factors of q(a)?
2, 3, 11
Let q(u) = 89*u**2 + 14*u + 14. Let y be q(-4). Suppose -4*z = h - 2*z - 1388, -h + y = -z. List the prime factors of h.
2, 173
Let p(j) = -1 + 4 + 33*j + 63*j + 44*j + 4. List the prime factors of p(9).
7, 181
Let t be (-1*0/2)/((-4)/(-4)). Suppose 4*y + o - 824 = 0, t*o = -2*o + 8. What are the prime factors of y?
5, 41
Suppose -124*a + 374904 = -106*a. What are the prime factors of a?
2, 41, 127
Let w(z) = z**2 + 27*z + 32. Let l be w(17). Let u = -324 + l. Suppose -17*v - u = -21*v. What are the prime factors of v?
2, 3, 19
Let d(w) = 3*w**3 - 3*w**2 + 13*w - 24. Let l be d(6). Suppose 2*y - 3*z - 1229 = 0, 4*y = 4*z + 1862 + l. What are the prime factors of y?
613
Let p = -13418 + 30920. What are the prime factors of p?
2, 3, 2917
Suppose -1 = 5*d - 26. Suppose 5*m - s = 3*s + 5267, 5265 = d*m - 5*s. Suppose 5*o + 3*k - 1053 = 0, o + 4*o - m = -5*k. List the prime factors of o.
2, 3, 5, 7
Let i = -6867 - -9303. List the prime factors of i.
2, 3, 7, 29
Suppose p - 11 = -5*a, -5*a = -a - 3*p - 24. Suppose 2*u = -a*y + 141, -49 = 2*u - 4*y - 155. Suppose 0 = -u*l + 66*l - 195. What are the prime factors of l?
5, 13
Let w = 37104 + -18791. List the prime factors of w.
18313
Let y = 10349 - 2718. What are the prime factors of y?
13, 587
Suppose 5*z = 19*v - 21*v + 58976, -5*z + 58978 = v. List the prime factors of z.
2, 3, 983
Let r(c) = -43*c + 118. Let u be r(-24). Suppose 5*q + 5*y = 5770, 3*q - 2312 = y + u. What are the prime factors of q?
2, 577
Let b(o) = -6346*o**3 + 2*o**2 + 44*o + 43. What are the prime factors of b(-1)?
11, 577
Let m be (1/(-2))/((-4)/184). Let o = m - 26. Let t(z) = -4*z. List the prime factors of t(o).
2, 3
Let f = 99 + -96. Suppose 2*h + w = 18, f*w - 2 - 7 = -h. Let i(m) = m**3 - 6*m**2 - 12*m + 26. List the prime factors of i(h).
7, 23
Let h(v) = 6*v**3 - 13*v + 21. Let y(z) = -4*z**3 - z**2 + 15*z - 21. Let f(j) = 3*h(j) + 2*y(j). List the prime factors of f(4).
593
Suppose 3*h - 4 = u + 5*h, -h - 8 = -u. Suppose z + 4*k = -0 - 9, 0 = z + k. Suppose u*w - z*x + 5*x = 138, -3*w = -5*x - 84. List the prime factors of w.
3, 11
Let s(y) = y**3 - 51*y**2 + 4*y + 757. What are the prime factors of s(62)?
73, 593
Let d = -19079 - -19610. What are the prime factors of d?
3, 59
Let r(p) = -p**2 - 25*p + 19. Let t be 2*65/12 + (-3)/(-18). Let c(x) = x**2 - 12*x - 8. Let l be c(t). What are the prime factors of r(l)?
7, 19
Suppose -11*m = 4*m - 150. What are the prime factors of 3352/13 + m/65?
2, 3, 43
Let u(q) = -q**2 + 17*q - 43. Let j be u(3). List the prime factors of (504/2 + j)/((-21)/(-21)).
251
Suppose 3*g + 5*p - 1145 = 0, 0 = 3*g - 3*p - 1690 + 505. Let h be (-9 - -2)/((-2)/2). Suppose 0 = -h*w - 3*w + g. What are the prime factors of w?
3, 13
Suppose -4*g + 10 = -p - 0*g, 5*p - 38 = -2*g. Suppose -183 + 180 = -3*b. What are the prime factors of 2/4*p - b?
2
Let c = -40013 + 113287. What are the prime factors of c?
2, 36637
Let f = 994 + -282. Suppose 0 = 33*z - 31*z - f. List the prime factors of z.
2, 89
Let z = 14530 + -9760. Suppose 791*q = 785*q + z. List the prime factors of q.
3, 5, 53
Let o(n) = -67*n**3 - 2*n**2 - 5*n - 4. Let q be o(-2). Let x = q - -19. What are the prime factors of x?
7, 79
List the prime factors of (-16)/(-6)*(-14)/(-56)*22938.
2, 3823
Let w = 55 + -58. Let x be w/9 - 6/9. What are the prime factors of ((-1)/2)/(x*1/102)?
3, 17
Let c(x) = 23*x**3. Let w be c(-1). Let r = w - -35. Suppose -552 = 6*p - r*p. List the prime factors of p.
2, 23
Let j be (-4 - -41 - 7)*(-2)/(-6). Let y(v) = -v**2 + 24*v - 29. Let z be y(j). Suppose 0 = -2*w + z + 259. List the prime factors of w.
5, 37
Suppose -172 + 177 = n. Suppose -n*w - p = -4*p - 1907, -5*w + 1887 = 2*p. What are the prime factors of w?
379
Let t(r) = -9*r**3 + r**2 - 6*r - 12. Suppose 4*c - 12 = 8*c. Let m be t(c). Suppose -6*i + m = -126. List the prime factors of i.
2
Let f(r) = 33*r**2 + 2*r - 3. Let o(l) = -l**3 - 4*l**2 - 3*l - 11. Let s be o(-5). Let q = -31 + s. List the prime factors of f(q).
5
Let a = 707 + -717. Let u(c) = 16*c**2 + 46*c + 30. List the prime factors of u(a).
2, 3, 5, 13
Let n = 20 + 11. Let g = -34 + n. Let c(h) = 9*h**2 + 2*h - 6. List the prime factors